 125. List the prime factors of b.
131
What are the prime factors of (-1 + -13)*21/(-2)?
3, 7
Suppose 4*v = -5*i + 4, 0*i = -4*v - 3*i - 4. Let p be v/8*(1 - -1). List the prime factors of (1 - 1) + p + 16.
3, 5
Let x = 6 - 10. Let g = x - -6. List the prime factors of g.
2
Let k = -1 + 75. List the prime factors of k.
2, 37
Let t(a) = -2*a - 1 + 4 - 2. What are the prime factors of t(-3)?
7
Let j(g) = g**2 - 6*g. Let r be j(6). Suppose r = p + 2*p - 30. Suppose -5*w + 10 = -p. List the prime factors of w.
2
Let k = -63 - -5. Let d = k - -98. List the prime factors of d.
2, 5
Suppose 8*p - 3*p = 455. What are the prime factors of p?
7, 13
Let n be 1 + 0 - (-1)/1. Let v(r) = 3*r - 4 + 2 + 2*r**2 + r**2 - r**3. What are the prime factors of v(n)?
2
Let f be ((-20)/7)/(8/(-28)). Let a = f - 5. What are the prime factors of a?
5
Let u = -2 + 4. Let m = u + 4. What are the prime factors of m?
2, 3
Suppose -138 = j - 4*j. Suppose -a + j = 12. What are the prime factors of a?
2, 17
Suppose c + 4 = 3*x - 2*x, 0 = c - 2*x + 8. Suppose c*y - 3*y = -39. What are the prime factors of y?
13
Let f = 67 - 34. What are the prime factors of f?
3, 11
Let o be 9/(-15)*(4 - 9). Suppose -4*a = a - o*y - 50, 2*a - 1 = 5*y. List the prime factors of a.
13
Suppose -15 = 5*v + 5. Let l(n) = 4*n + 2. Let h be l(v). What are the prime factors of (-255)/(-35) + 4/h?
7
Let m(k) = 49*k**2 - 2*k - 1. Let z be m(-1). Suppose 3*w - 5*p - z = 0, -3*w + 4*w - p - 14 = 0. What are the prime factors of w?
2, 5
Let y(h) = h**3 - 7*h**2 + 7*h - 4. Let i be y(6). Suppose -4*t = v + v - 4, -8 = -4*v - i*t. Suppose -v*b + 17 = 1. What are the prime factors of b?
2
Suppose 0 = -3*l + 4*g + 17 + 44, -3*g = -15. Suppose 4 - 11 = r + 4*z, 4*r - l = -5*z. List the prime factors of r.
13
Suppose 0 = 4*a - 4*r + 16, -2*a + 5*r + 28 = -5*a. Let j be ((-20)/(-6))/(a/(-9)). List the prime factors of (-10)/4*(-8)/j.
2
Let a(c) = 8*c - 26. What are the prime factors of a(7)?
2, 3, 5
Let g = -20 + 25. Suppose -87 = -g*b + 2*b. List the prime factors of b.
29
Let k(c) = -c**3 - 7*c**2 - 3*c - 5. Let q be k(-6). Let u = 36 + q. List the prime factors of u.
13
Let w(i) = -i**3 + 6*i**2 - i + 5. What are the prime factors of w(5)?
5
Let i(p) = -9*p**3 - p**2 - p - 1. Let w be i(-1). Suppose -2*b = 2*b - w. What are the prime factors of 0 + 2 + b/2?
3
What are the prime factors of (-10)/25 + 81/15?
5
Let i(r) = -r**3 + 3*r**2 - 2*r + 2. Let j be i(2). Suppose -j*q + 5*b + 43 = 0, -q = 3*b - 6*b - 19. What are the prime factors of q?
2, 17
Let j = 11 + -6. Suppose -3*x + 16 = t - 36, -5*x - j*t + 100 = 0. What are the prime factors of x?
2
Let p = -11 + 135. What are the prime factors of p?
2, 31
Suppose -2*v - 3*x - 12 = -3*v, -2*v + 23 = -5*x. Let u(i) = i**3 - 10*i**2 + 6*i + 9. Let o be u(v). Let l = o + 27. List the prime factors of l.
3
Let y = 2 + -9. Let l = 1 - y. What are the prime factors of l?
2
Suppose t - 3*f = -1176, 5*t + 5*f + 4619 = t. List the prime factors of 2/(-8) + t/(-36).
2
List the prime factors of ((-280)/(-15))/((-2)/(-6)).
2, 7
Suppose 2*c - q - 17 = -0*c, -q = 3. Suppose c*m = 12*m - 135. What are the prime factors of m?
3
Let q(y) = -y**3 - 9*y**2 + 11*y + 12. Let v(d) = -d**3 - 8*d**2 - 7*d - 10. Let n be v(-7). List the prime factors of q(n).
2
Let w(g) = -3*g + 62. List the prime factors of w(-18).
2, 29
Let l(r) = -5*r - 4. Suppose -b - 2*a - 13 = 0, -3*b + 0*b = -4*a - 11. List the prime factors of l(b).
11
Suppose -p + 27 = t - 7, -220 = -5*p + 5*t. What are the prime factors of p?
3, 13
Suppose -427 = -4*s - 163. List the prime factors of s.
2, 3, 11
Suppose -1 = 2*c - 3. Let b be (c*-1)/((-4)/20). Suppose b - 3 = l. List the prime factors of l.
2
Suppose 8*j + 40 = 10*j. List the prime factors of j.
2, 5
Let a(l) = -5*l + 4. List the prime factors of a(-3).
19
Let i(m) = -m**3 + m**2 + 2. Let b be i(0). Let r be (-4)/(-10) - 296/(-10). Suppose 3*o - r = -b*o. List the prime factors of o.
2, 3
Suppose 4*p - 2*d = 676, 0*p + 4*d + 155 = p. List the prime factors of p.
3, 19
List the prime factors of (2/(-3))/(1/(-3))*15.
2, 3, 5
Let u(w) = 232*w**3 + w**2 + 2*w - 2. What are the prime factors of u(1)?
233
Suppose 8*n - 2*n - 18 = 0. What are the prime factors of n?
3
Let v(q) = 6*q**2 + 1. Let s(l) = l**3 + 4*l**2 + 3*l + 1. Let u(g) = -4*g**2 - g. Let i be u(-1). Let a be s(i). List the prime factors of v(a).
7
Let u(f) = f**2 - 5*f + 3*f + 1 + 11*f. Let p be u(-6). Let c = 24 + p. List the prime factors of c.
7
Let m be 146/14 + (-12)/28. Let h = 7 + -10. Let i = h + m. List the prime factors of i.
7
Let n(f) = 112*f**2 + f + 1. Let w be n(-1). What are the prime factors of 2/(-13) + w/52?
2
Suppose -v = -0*u - 4*u + 10, 2*u - 4*v = 12. Suppose -5*x = 4*h - 92, -h + 44 = h + u*x. What are the prime factors of h?
2, 3
What are the prime factors of -36*3*4/(-12)?
2, 3
Let b be (-148)/(-12) + (-2)/(-3). Suppose 0 = -5*j - 0*i - 4*i + b, 5*j - 16 = -3*i. What are the prime factors of j?
5
Let h(x) = -x**3 - 10*x**2 + 16*x + 7. List the prime factors of h(-12).
103
Suppose 33 = -5*s + 593. What are the prime factors of s?
2, 7
Let h(i) = -i**2 + 10*i - 9. Let f = -4 - -15. Let b = -3 + f. What are the prime factors of h(b)?
7
Let a(s) = s**2 + 192. Let d be a(0). Suppose 3*c = -4*m + d, -4*c = 5*m - 0*c - 240. What are the prime factors of m?
2, 3
Let h = 254 + -168. What are the prime factors of h?
2, 43
Suppose 6*y - 4*y = k - 120, -4*k + 466 = -y. Let q = -68 + k. What are the prime factors of q?
2, 3
What are the prime factors of -1 + 1 - (-3)/(6/16)?
2
Let j(t) = -12*t + 9*t + 2 + 4. List the prime factors of j(-8).
2, 3, 5
Suppose 0 = 15*f - 20*f + 1945. List the prime factors of f.
389
Let a(t) = t + 5. Let b be a(-4). What are the prime factors of 7 - (b + (2 - 1))?
5
Suppose -2*z = 3*k - 8, -k - k = -3*z - 14. Suppose -5*g - 3*b = -b - 128, 4 = -k*b. Let i = g - 14. List the prime factors of i.
2, 3
Suppose 5*g - 41 = 4*g. Suppose -z + g = 18. What are the prime factors of z?
23
Suppose 8*p = 10*p - 88. What are the prime factors of p?
2, 11
Let x(d) = -1 - 3*d - 1 + 3. What are the prime factors of x(-3)?
2, 5
Let y(l) = l**3 + 12*l**2 - 11*l + 4. What are the prime factors of y(-6)?
2, 11, 13
Let b(k) = -k - 1. Let s be b(-1). Suppose -c - c + 42 = s. Suppose 5*l - 44 - c = 0. List the prime factors of l.
13
Suppose -4*u - 4*w + 3 = -5, 0 = -5*u + 5*w - 10. Suppose -d = -5*k - 67, 3*d + u*d + 3*k = 111. What are the prime factors of d?
2, 3, 7
Suppose -4*v - 3*z = -420, -6*v + 5*z = -v - 490. List the prime factors of v.
2, 3, 17
Let y(i) be the first derivative of i**3/3 + i**2 - i - 2. What are the prime factors of y(3)?
2, 7
Let j(s) = -s + 10. Let v be j(10). Let o = v - 1. List the prime factors of 8 + (-2 + 0)*o.
2, 5
Let d be -1 + 75 - 0/2. Suppose 2*t - 5*w = 6*t - 92, 3*t - d = -5*w. List the prime factors of t/((-2)/(8/(-6))).
2, 3
Let g(j) = 3*j + 2. Let a be g(3). Suppose 5*d - 84 = a. What are the prime factors of d?
19
Suppose -3*d = -z + 250, -z + 695 = 2*z + 2*d. What are the prime factors of z?
5, 47
Let d = 9 - 2. Let s = d + 5. List the prime factors of s.
2, 3
Let r = -48 + 34. Let x = r - -54. What are the prime factors of x?
2, 5
Let m = 10 - 16. List the prime factors of (-1 + -3)*m/8.
3
Let c = 5 - 10. What are the prime factors of 1 + c/((-15)/12)?
5
Let v(c) = c + 17. Let s be v(-13). Suppose m = i + 5, -s*m + 13 = -2*i - 15. What are the prime factors of m?
3
Let n be 2 + 8 + (6 - 8). Let o = n - 4. List the prime factors of o.
2
Let v = -29 - -46. Let m = v - 4. Let l = m + -7. List the prime factors of l.
2, 3
Suppose -1 = u - 3. Suppose 4*n - u*n = 22. What are the prime factors of n?
11
Suppose 5*f = 30 + 380. What are the prime factors of f?
2, 41
Let o = -8 - -12. List the prime factors of (-2)/o + (-34)/(-4).
2
Suppose -t = 2*t. Suppose t*d = 2*d - 88. Suppose 3*c = -c + d. What are the prime factors of c?
11
Suppose 3*y + 5*z = 19, -9 = -y - 3*z + 4. List the prime factors of y - 0 - 270/(-9).
2, 7
Let j(c) be the second derivative of c**3/2 + c**2/2 - 2*c. Let a be j(1). Suppose -d = p, -3*p + a*d = -0*p - 35. List the prime factors of p.
5
Let v(g) be the third derivative of g**2 + 0*g + 0 - 1/6*g**3 - 1/24*g**4. List